 base 14.
97047
What is -3423736 (base 8) in base 6?
-31514542
What is -651b16 (base 14) in base 9?
-6387682
What is 117608 (base 16) in base 14?
21b05a
What is -2343304 (base 5) in base 4?
-22220323
79ad7 (base 14) to base 2
1001000001101001101
7965443 (base 10) to base 2
11110011000101100000011
1847784 (base 9) to base 15
156d9d
-257058 (base 11) to base 15
-7ed92
Convert 143751 (base 10) to base 13.
5057a
Convert -4712a6 (base 13) to base 5.
-413002040
What is 31a4a06 (base 12) in base 8?
43743246
830560 (base 10) to base 14
17897a
Convert -30110 (base 11) to base 14.
-120ab
-27924 (base 12) to base 5
-3224032
Convert -54423015 (base 6) to base 10.
-1620659
Convert 33133133033 (base 4) to base 8.
17373717
Convert 20634134 (base 7) to base 4.
12230312201
What is -24579 (base 13) in base 3?
-10101201010
727441 (base 8) to base 4
322330201
440b371 (base 12) to base 8
61336105
What is 203200323010 (base 4) in base 5?
4340404032
What is 13332312233 (base 4) in base 13?
583559
What is -11001011111110100 (base 2) in base 7?
-613323
Convert 3795b05 (base 12) to base 16.
a644f5
What is -3d323 (base 15) in base 8?
-577552
Convert -b797 (base 13) to base 2.
-110001110000010
1011110011211 (base 3) to base 10
619051
Convert 176161 (base 12) to base 5.
100421234
-829ce (base 15) to base 16
-65111
What is -2337bbb (base 12) in base 7?
-111516011
bc11c (base 14) to base 16
6f42e
b7a814 (base 12) to base 3
12110101002021
What is -385b0c (base 13) in base 4?
-11022313113
What is 67d1c (base 14) in base 9?
424048
What is -110212112100 (base 3) in base 12?
-102746
13532113 (base 6) to base 16
7112d
What is -1871642 (base 10) in base 8?
-7107432
Convert 323036 (base 8) to base 7.
630023
What is 7307 (base 14) in base 8?
46533
-1da1a9 (base 14) to base 4
-10010000321
-45521142 (base 6) to base 11
-872a07
Convert -1010011110010100010010 (base 2) to base 13.
-751935
-2c2836 (base 13) to base 5
-234403414
What is -98d17 (base 14) in base 2?
-1011010011001011001
Convert 10000011111001101000 (base 2) to base 14.
100c64
25105526 (base 7) to base 15
2e7d48
-1a0372 (base 12) to base 2
-1101111100000000110
What is -212002220020022 (base 3) in base 4?
-232312011233
387407 (base 11) to base 4
2110330221
What is 2101021021 (base 3) in base 4?
23130010
What is -4947c (base 16) in base 9?
-506656
2544514 (base 7) to base 2
1010000101101000101
What is 15b260 (base 12) in base 15?
752c0
1d67b0 (base 16) to base 11
10a6939
-33001431 (base 5) to base 16
-44b93
What is -1412432102 (base 5) in base 2?
-1101111000100101100100
What is 4110269 (base 10) in base 8?
17533675
What is -23313212322 (base 4) in base 11?
-1835674
Convert 40432545 (base 6) to base 5.
243433002
What is 40302004 (base 5) in base 13?
b3812
-282777 (base 9) to base 8
-521211
Convert 1c159 (base 15) to base 14.
25470
What is -71127 (base 12) in base 11?
-a0537
What is 115200406 (base 7) in base 9?
14508731
-2225d (base 14) to base 15
-197ea
Convert 10542541 (base 10) to base 2.
101000001101110111001101
What is 100101101000000011011 (base 2) in base 14?
24145d
What is 98893 (base 13) in base 6?
5530121
Convert 536266 (base 7) to base 5.
10442232
-1225704 (base 11) to base 16
-208213
Convert -1114283 (base 10) to base 8.
-4200253
Convert -3201110 (base 5) to base 13.
-1b336
What is -1011101001110110001 (base 2) in base 12?
-164ba9
-121a37 (base 12) to base 5
-33343030
What is -21404442 (base 6) in base 4?
-2123323022
-8002c9 (base 13) to base 3
-12120221020101
2311510 (base 6) to base 16
1ce42
-8528743 (base 11) to base 8
-71225107
What is -72c58 (base 14) in base 4?
-1003211132
Convert 10023131131 (base 4) to base 3.
2001122202201
What is 1cdfc (base 16) in base 12?
58538
113210266 (base 7) to base 3
111010111021011
1111420105 (base 6) to base 10
12117641
Convert -622513 (base 9) to base 15.
-74646
22102202122 (base 4) to base 16
29289a
Convert 1014660 (base 7) to base 4.
131232132
-4021231 (base 6) to base 16
-2e453
94918b (base 12) to base 5
1044310420
-10101011000111001000001 (base 2) to base 12
-1a64941
What is 300230323303 (base 4) in base 16?
c2cef3
What is 20021030 (base 5) in base 3?
22000020112
What is 1cb10 (base 16) in base 11?
80327
What is -55478 (base 9) in base 13?
-13a03
-7a08c (base 14) to base 16
-4861c
Convert 1583a14 (base 12) to base 5.
2111341142
Convert -3668267 (base 11) to base 2.
-11000010101100100010110
15550a (base 12) to base 14
95c4a
Convert ac8e9 (base 16) to base 5.
140104133
What is 127133 (base 10) in base 8?
370235
Convert -430d9 (base 15) to base 10.
-212829
Convert -52aac (base 16) to base 6.
-11131340
What is -2709b (base 14) in base 5?
-11034202
-110b5 (base 15) to base 9
-82268
What is -222321012222 (base 4) in base 14?
-16c9910
Convert -12202121201001 (base 3) to base 14.
-59a3ab
Convert 12111001200 (base 3) to base 12.
52569
What is 1111100100100111 (base 2) in base 15?
13d73
Convert -527231 (base 10) to base 3.
-222210020002
2a2ec (base 15) to base 14
3762c
-43552 (base 9) to base 8
-70323
What is -254776 (base 8) in base 11?
-60602
What is 5a341 (base 11) in base 4?
111032023
What is -7310222 (base 10) in base 5?
-3332411342
Convert -153404331 (base 6) to base 16.
-319c9f
Convert 4c537 (base 14) to base 2.
101101110011100101
Convert 1333124411 (base 5) to base 2.
1101000000110100011111
What is 100011101011101010011 (base 2) in base 14?
22616b
What is 126a632 (base 11) in base 13?
5bb47a
What is -25548 (base 11) in base 16?
-8ef2
What is 47219 (base 16) in base 14?
7826d
What is -2233100 (base 6) in base 14?
-2d4a8
Convert -155575 (base 13) to base 5.
-113313044
Convert c8bddd (base 14) to base 13.
153b605
What is 3569a1a (base 11) in base 12?
2100142
Convert -4574576 (base 8) to base 7.
-13366263
1100 (base 15) to base 9
4840
Convert 35273356 (base 8) to base 15.
a20e08
Convert -273148 (base 14) to base 9.
-2482031
What is -110304612 (base 8) in base 16?
-121898a
Convert -1ae46 (base 15) to base 3.
-11110011010
What is -202210 (base 7) in base 3?
-1202012021
73131 (base 13) to base 4
302132013
What is 60331 (base 11) in base 16?
158b3
Convert 2120001220012 (base 3) to base 14.
27563b
Convert -488f (base 16) to base 8.
-44217
132145 (base 10) to base 9
221237
Convert 1ad4a (base 15) to base 9.
142757
-43102104 (base 5) to base 11
-22861a
Convert 1013130032 (base 4) to base 12.
121412
What is 33434262 (base 7) in base 13?
7a69c1
What is -21010000201201 (base 3) in base 10?
-3779668
-200536 (base 8) to base 2
-10000000101011110
b6b2a (base 12) to base 5
30140312
What is -168100 (base 9) in base 13?
-38643
What is -eaa3b (base 16) in base 12?
-3a4223
Convert -2403705 (base 9) to base 7.
-14031305
Convert -2111216 (base 7) to base 2.
-111110001111110000
245721 (base 9) to base 11
a1697
What is 395775 (base 13) in base 5?
323230232
Convert a13742 (base 12) to base 16.
266162
Convert 123d9 (base 16) to base 6.
1333521
What is -14a128a (base 11) in base 6?
-130541354
What is -31032111 (base 4) in base 6?
-1054433
-13265560 (base 8) to base 3
-12121020011100
What is -2200211222111 (base 3) in base 15?
-1d4d04
-3445300 (base 6) to base 3
-100000102000
30233221 (base 5) to base 10
242936
What is -1212020111201 (base 3) in base 16?
-f16de
Convert -21012010222 (base 3) to base 7.
-1126430
What is -546476 (base 12) in base 11?
-8343aa
Convert -7332432 (base 8) to base 2.
-111011011010100011010
What is -684560 (base 9) in base 11?
-260180
Convert 1040325 (base 8) to base 7.
2240441
What is -31141200 (base 7) in base 10?
-2615130
7ed44 (base 15) to base 12
17619a
What is -905569 (base 10) in base 14?
-198037
What is 5533102 (base 7) in base 6?
22330431
Convert 1638b7 (base 13) to base 15.
ad2bc
What is 1273969 (base 10) in base 8?
4670161
What is -3b10e (base 15) in base 8?
-561467
What is 1426e (base 16) in base 15?
196cc
11010010111011110111101 (base 2) to base 3
111000011101112
Convert -13614 (base 13) to base 11.
-25204
What is -4529c5 (base 16) in base 14?
-85dbc9
What is -12232123332 (base 4) in base 15?
-24c5d0
Convert -4351031 (base 6) to base 9.
-360181
Convert 19192a (base 13) to base 11.
3a19a3
-9a5d5d (base 14) to base 4
-103333201133
What is 20234372 (base 8) in base 14?
7d3a42
Convert 1133142 (base 10) to base 16.
114a56
Convert 1767457 (base 8) to base 11.
325742
-946